emainder when 3927104 is divided by 49.
48
What is the remainder when 529502 is divided by 1969?
1810
Calculate the remainder when 5612492 is divided by 1122492.
32
Calculate the remainder when 351434 is divided by 2884.
2470
Calculate the remainder when 10296094 is divided by 301.
88
Calculate the remainder when 335500 is divided by 167528.
444
Calculate the remainder when 208840979 is divided by 800157.
2
What is the remainder when 659755 is divided by 4556?
3691
What is the remainder when 285748027 is divided by 19?
16
Calculate the remainder when 88027 is divided by 10952.
411
What is the remainder when 10083056 is divided by 461?
64
What is the remainder when 39120638 is divided by 640?
638
What is the remainder when 261607 is divided by 6227?
73
Calculate the remainder when 42783 is divided by 1388.
1143
What is the remainder when 1779435 is divided by 593143?
6
What is the remainder when 4686438 is divided by 781066?
42
What is the remainder when 2557658 is divided by 8850?
8
What is the remainder when 28006288 is divided by 101?
99
Calculate the remainder when 1721725 is divided by 177.
46
Calculate the remainder when 1028133 is divided by 257012.
85
What is the remainder when 306652 is divided by 622?
6
What is the remainder when 231523 is divided by 960?
163
Calculate the remainder when 36900 is divided by 4826.
3118
What is the remainder when 1027800 is divided by 513894?
12
Calculate the remainder when 42336798 is divided by 11.
9
What is the remainder when 339257 is divided by 12115?
37
Calculate the remainder when 947687 is divided by 1903.
1896
Calculate the remainder when 3623141 is divided by 679.
676
Calculate the remainder when 870377 is divided by 322.
11
What is the remainder when 980410 is divided by 490194?
22
Calculate the remainder when 992106 is divided by 10226.
184
What is the remainder when 40424501 is divided by 16?
5
Calculate the remainder when 14268310 is divided by 377.
368
What is the remainder when 68283 is divided by 3413?
23
What is the remainder when 393334 is divided by 26091?
1969
Calculate the remainder when 16775889 is divided by 1790.
9
What is the remainder when 247489429 is divided by 310?
309
Calculate the remainder when 4349477 is divided by 45783.
92
Calculate the remainder when 249947 is divided by 845.
672
What is the remainder when 5563934 is divided by 47552?
350
What is the remainder when 46761820 is divided by 133988?
8
Calculate the remainder when 83011658 is divided by 4883038.
12
Calculate the remainder when 32338 is divided by 83.
51
Calculate the remainder when 201689 is divided by 2585.
59
What is the remainder when 231469880 is divided by 18?
14
Calculate the remainder when 5592976 is divided by 2105.
2096
What is the remainder when 285741524 is divided by 4262?
4258
What is the remainder when 83428772 is divided by 59?
58
What is the remainder when 2068734 is divided by 90?
84
What is the remainder when 1911332 is divided by 201?
23
What is the remainder when 12009790 is divided by 717?
40
What is the remainder when 1322230 is divided by 55087?
142
Calculate the remainder when 778222 is divided by 974.
970
Calculate the remainder when 66445 is divided by 451.
148
Calculate the remainder when 2132492 is divided by 47.
8
Calculate the remainder when 11355699 is divided by 543.
483
Calculate the remainder when 292047 is divided by 9409.
368
Calculate the remainder when 277959760 is divided by 62.
58
Calculate the remainder when 1814967 is divided by 604839.
450
Calculate the remainder when 4733894 is divided by 152706.
8
What is the remainder when 5327573 is divided by 1870?
1813
What is the remainder when 1188758716 is divided by 10878?
10876
What is the remainder when 3401961 is divided by 75599?
6
What is the remainder when 3294440 is divided by 1472?
104
Calculate the remainder when 1159763 is divided by 128846.
149
What is the remainder when 136215 is divided by 1549?
1452
Calculate the remainder when 479382 is divided by 899.
215
Calculate the remainder when 2312806 is divided by 148.
10
What is the remainder when 246595 is divided by 41077?
133
What is the remainder when 531583 is divided by 105?
73
What is the remainder when 313290 is divided by 1958?
10
What is the remainder when 63933 is divided by 2764?
361
Calculate the remainder when 130513 is divided by 837.
778
Calculate the remainder when 1832664 is divided by 105.
99
What is the remainder when 11234760 is divided by 2808688?
8
What is the remainder when 11851055 is divided by 7477?
10
Calculate the remainder when 1407929 is divided by 193.
187
Calculate the remainder when 1692280 is divided by 115.
55
Calculate the remainder when 210325 is divided by 1734.
511
Calculate the remainder when 17305336 is divided by 5768444.
4
Calculate the remainder when 18424096 is divided by 1151505.
16
Calculate the remainder when 276596637 is divided by 7445.
7442
What is the remainder when 9956055 is divided by 2126?
2123
Calculate the remainder when 214704 is divided by 585.
9
What is the remainder when 8601115 is divided by 2150246?
131
Calculate the remainder when 80866 is divided by 1196.
734
Calculate the remainder when 59548 is divided by 14611.
1104
What is the remainder when 19597023 is divided by 2072?
47
Calculate the remainder when 659087 is divided by 1956.
1871
Calculate the remainder when 874584 is divided by 807.
603
Calculate the remainder when 2153022 is divided by 4403.
4358
What is the remainder when 39763 is divided by 1349?
642
What is the remainder when 283223 is divided by 15728?
119
What is the remainder when 2619399 is divided by 492?
483
What is the remainder when 13157977 is divided by 4706?
1
What is the remainder when 15888282 is divided by 208?
202
What is the remainder when 59188 is divided by 1892?
536
What is the remainder when 5090310 is divided by 231?
225
What is the remainder when 2727309 is divided by 36?
21
What is the remainder when 5722 is divided by 773?
311
Calculate the remainder when 4264169 is divided by 15.
14
Calculate the remainder when 4376460 is divided by 2188205.
50
What is the remainder when 1439306 is divided by 865?
811
Calculate the remainder when 2742921 is divided by 110.
71
What is the remainder when 912826 is divided by 228203?
14
Calculate the remainder when 41144510 is divided by 20572241.
28
What is the remainder when 3963430 is divided by 508?
14
What is the remainder when 4874477 is divided by 42?
41
What is the remainder when 272766659 is divided by 606?
605
What is the remainder when 228970 is divided by 19062?
226
What is the remainder when 12404088 is divided by 2396?
2392
What is the remainder when 55585531 is divided by 16?
11
What is the remainder when 431551 is divided by 3853?
15
What is the remainder when 11965331 is divided by 12?
11
Calculate the remainder when 31251293 is divided by 114.
17
Calculate the remainder when 9398387 is divided by 1017.
290
What is the remainder when 17301298 is divided by 2073?
40
What is the remainder when 377858 is divided by 768?
2
What is the remainder when 7423577 is divided by 824840?
17
What is the remainder when 9041 is divided by 76?
73
What is the remainder when 10260138 is divided by 120?
18
What is the remainder when 361978 is divided by 361348?
630
Calculate the remainder when 47621540 is divided by 41.
40
Calculate the remainder when 186349672 is divided by 239524.
0
What is the remainder when 80433 is divided by 3657?
3636
Calculate the remainder when 62073278 is divided by 12414653.
13
Calculate the remainder when 38118 is divided by 855.
498
Calculate the remainder when 314288 is divided by 2.
0
What is the remainder when 837674 is divided by 83767?
4
What is the remainder when 48589 is divided by 12082?
261
Calculate the remainder when 7848891 is divided by 4558.
15
What is the remainder when 538280 is divided by 35885?
5
What is the remainder when 16864 is divided by 733?
5
Calculate the remainder when 22162358 is divided by 963580.
18
What is the remainder when 61842333 is divided by 909446?
5
Calculate the remainder when 1030392 is divided by 19441.
19
Calculate the remainder when 7925822 is divided by 226.
2
Calculate the remainder when 177883674 is divided by 137.
134
Calculate the remainder when 7567